at is the remainder when r is divided by 34?
31
Let m = 0 + 5. Suppose m*k = k + 100. What is the remainder when k is divided by 13?
12
Let u be (12/10)/((-3)/(-20)). Calculate the remainder when 23 is divided by u/((-8)/6 + 2).
11
Let z(y) be the first derivative of 11*y**2/2 - y - 2. Let c = 35 - 17. What is the remainder when c is divided by z(1)?
8
Suppose -q - 2*q = u - 50, -4*q + u = -76. Calculate the remainder when 53 is divided by q.
17
Let y = -2 + 7. Let n(i) = 1 - 2*i**2 + i**2 - 3*i**3 - 10*i**3. Calculate the remainder when n(-1) is divided by y.
3
Calculate the remainder when (-7 - -9) + 5/((-10)/(-164)) is divided by 18.
12
Suppose 2*i - 3*m - 1 = 0, 3*i = -4*m + 30 + 14. Suppose 0 = -5*y + 4 + 26. Calculate the remainder when (-8 - -1)*(y + -8) is divided by i.
6
Suppose 3*c - 13 - 11 = 0. Calculate the remainder when 8/(-16)*42/(-1) is divided by c.
5
Suppose 5*z = 5*m - 230, 3*m + m - z - 181 = 0. Calculate the remainder when 224 is divided by m.
44
Suppose 5*s = 0, -69 = -0*t - 3*t + 3*s. Calculate the remainder when t is divided by 9.
5
Let t(s) = -2*s**3 - 5*s**2 - 3*s + 4. Let c be t(-3). Let v = c + -7. Calculate the remainder when 44 is divided by v.
14
Let k = -51 - -60. Calculate the remainder when 59 is divided by k.
5
What is the remainder when 5 is divided by 3 + (-4)/(12/(-3))?
1
Let w = 66 + -59. What is the remainder when w is divided by 2?
1
Calculate the remainder when ((-76)/3)/(4/(-12)) is divided by 13.
11
What is the remainder when (-92)/(-6) - 8/24 is divided by 6?
3
Suppose -4 - 2 = -2*t. Suppose -181 = -2*j - l, 0 = 2*j - j - t*l - 108. Calculate the remainder when j is divided by 24.
21
Let n(b) = b**2 + b + 11. What is the remainder when n(0) is divided by 2?
1
Suppose -4*x = -4*a + 36, 26 = a + 3*a - 2*x. Suppose -a*y + 68 = 2*b, -2*b = y + 4*y - 68. What is the remainder when b is divided by 12?
10
Suppose 0 = -a - 3*a + 20. Let m(r) = -r**3 + 5*r**2 + r + 3. Suppose -109 = -3*s - 43. What is the remainder when s is divided by m(a)?
6
Suppose -3*o + 18 = f - 9, -2*o + 24 = f. Calculate the remainder when 49 is divided by f.
13
Calculate the remainder when 13 is divided by (14 - 13)/((-1)/(-5)).
3
Suppose -4*g - 2 = 2*n + 2, -2*n + 6 = -g. Let i(a) = a + 2 - 4*a + 5*a + a**2. Calculate the remainder when i(-3) is divided by n.
1
Let p = -26 - -13. Let h = -11 - p. Let i = -5 + 10. What is the remainder when i is divided by h?
1
Let k(j) = -2*j - 5. Let v be k(-4). Suppose v*h - 60 = -h. Let a(m) = -5*m - 12. What is the remainder when a(-8) is divided by h?
13
Let j(l) = l + 1. Let h(a) = 6*a - 21. Let o(s) = -h(s) + 5*j(s). Calculate the remainder when o(0) is divided by 14.
12
Let d = 44 + -30. Suppose 0*f - 2*f = -d. What is the remainder when 19 is divided by f?
5
Let k(l) = -l**3 - 3*l**2 + 4. Suppose -5*y - 23 = -4*c, -y - 3*c - 1 = -4. Let o = -4 + 13. Calculate the remainder when o is divided by k(y).
1
Let p = -20 + 40. Let b(q) = -7*q**3 + q**2 + q. What is the remainder when p is divided by b(-1)?
6
Suppose -4*n + 7*n + 5*y = 15, 4*n - 6 = -2*y. Suppose h = -n*h + 5. Suppose -h*f + 78 - 18 = 0. Calculate the remainder when 22 is divided by f.
10
Suppose 4*m = 4*u - 617 - 131, 3*m + 181 = u. Suppose -5*h + u = 3*o + o, -3*o + 4*h = -127. Calculate the remainder when o is divided by 12.
9
Let a(i) be the second derivative of i**3/6 - 3*i. What is the remainder when 6 is divided by a(2)?
0
Suppose 0 = d - 1 - 14. Suppose -4*b + 7 = -1. Suppose 40 = b*s + 3*s. What is the remainder when d is divided by s?
7
Let n be 1/2*2 - 10. Let p = n + -4. Let o = p - -34. Calculate the remainder when o is divided by 11.
10
Let c = -42 + 53. Let h = 59 - 29. Calculate the remainder when h is divided by c.
8
Suppose 2*c + 4*f - 4 = 4, 4*f = 20. What is the remainder when (38/c)/(3/(-9)) is divided by ((-1)/(-2))/(1/14)?
5
Suppose 3*r - 41 = -5*f, -4*f + 26 = 5*r - 25. What is the remainder when r is divided by 4?
3
Suppose -2*j - 72 = -4*j. Suppose j = 2*l - 0*l. Calculate the remainder when l is divided by 7.
4
Let p = 38 - 15. What is the remainder when p is divided by 16?
7
Suppose r + 11 - 56 = 0. What is the remainder when r is divided by 12?
9
Suppose -1 = -4*d - 5. What is the remainder when 28 is divided by 9 - (2 - (d - -4))?
8
Let u = 17 - 17. Let f = u - -6. What is the remainder when -16*(2 - (2 - -1)) is divided by f?
4
Let k be 430/40 + (-1)/(-4). Let i = k + -10. Calculate the remainder when 2 is divided by i.
0
Calculate the remainder when ((0 - -1) + 0)*51 is divided by 27.
24
Suppose -10 - 1 = -v + d, -v = 4*d - 16. Let n be (-6)/((1/1)/(-1)). Suppose n*c - 3*c = 66. Calculate the remainder when c is divided by v.
10
Let o(z) = -3*z**2 + 3*z**2 - z**3 + 8*z**2 - 2 + 13*z. Suppose 4*q = -2*k + 38, 2*k + 2*q - 40 = -12. What is the remainder when o(k) is divided by 9?
7
Let q(w) = -w**2 - 12*w + 8. Let r(k) be the second derivative of -3*k**5/5 - k**4/12 + k. What is the remainder when q(-11) is divided by r(-1)?
8
Let w(l) = -l**2 + 2*l - 4. Let z be w(5). Let f = -4 - z. What is the remainder when 2/(-9) - 508/(-18) is divided by f?
13
Let s(d) = -d**2 - 23*d + 47. Let b(w) = -8*w. Calculate the remainder when s(-23) is divided by b(-2).
15
Suppose -4*w + 761 = 41. What is the remainder when w is divided by 26?
24
Suppose -3*l - 2*c - 31 = 0, 5*l + 21 = 5*c - 14. Let j = 1 - l. Calculate the remainder when 36 is divided by j.
6
Suppose 0 = 4*g - 2*g + 2. Let a be (-1)/(g/2) - -21. Suppose 3*r + 5*l - a - 30 = 0, 5*l = -r + 31. Calculate the remainder when 21 is divided by r.
10
Let v(y) = y**3 + y**2 - y + 1. Let g(u) = 5*u + 37. Calculate the remainder when g(-6) is divided by v(1).
1
Let i(s) = 2*s**2 - 2*s - 1. Let v = -3 - -4. Let u(g) = 22*g**3 - g. Calculate the remainder when u(v) is divided by i(-2).
10
Suppose 18 = q - 0*a - 3*a, q - 26 = -5*a. Let b = 99 - 58. Calculate the remainder when b is divided by q.
20
Let s(t) = -t**3 - 8*t**2 - 11*t - 4. Calculate the remainder when 69 is divided by s(-7).
21
Let h(p) = p - 3. Let z(g) = -g + 7. Let j(r) = 5*h(r) + 2*z(r). Calculate the remainder when j(8) is divided by 13.
10
Suppose 0 = f + 4*f - 45. What is the remainder when 53 is divided by f?
8
Suppose -3*f + 2*f + 7 = 0. Let i be 27*2 + -1*2. Suppose 0 = z + 3*z - i. What is the remainder when z is divided by f?
6
Let a(w) = w + 1. Let s = 16 + -8. Calculate the remainder when a(s) is divided by 3/(6/4) + 3.
4
Suppose 6 = -2*m - m. What is the remainder when m/4*(-22 - 0) is divided by 6/(-4) - (-30)/4?
5
Suppose 240 = -36*t + 39*t. What is the remainder when t is divided by 9?
8
Let g(j) = -j + 1. Let b be g(-4). Suppose 0 = 2*n + 4*d - d - 8, -b*n + 34 = 4*d. Calculate the remainder when 39 is divided by n.
9
Let j(l) = -l**3 + 6*l**2 - 3*l - 5. Let p be j(5). Suppose -p*r = -0*r - 45. What is the remainder when 4/(-18) - (-209)/r is divided by 8?
7
Calculate the remainder when 49 is divided by (-178)/(-14) - 8/(-28).
10
Let u(a) = a**3 + 5*a**2 - 6*a - 4. Let s be u(-6). Let o = s + 4. What is the remainder when 2 is divided by 3 + o + -1*2?
0
Suppose 46 = 2*o - y, -2 + 6 = -y. Suppose b - 7 = 2*b. Let d(s) = -s**3 - 7*s**2 - 2*s - 3. Calculate the remainder when o is divided by d(b).
10
Let x = 18 - 12. What is the remainder when 15 is divided by x?
3
Suppose -d + 350 = 5*l - 5*d, 3*l + 4*d - 210 = 0. Calculate the remainder when l is divided by 9.
7
Let h(a) = 2*a**2 - 11*a + 11. Suppose 4*j + 11 = 5*j. Calculate the remainder when h(7) is divided by j.
10
Let h(q) = -q**3 - 7*q**2 - 3*q + 12. Calculate the remainder when h(-7) is divided by 2/4*68/2.
16
Let o(l) = 1 + 6*l + 18*l + 7*l. What is the remainder when o(1) is divided by 2 + 18*5/10?
10
Let d(i) = i**2 - 2. Let o = -5 + 8. What is the remainder when 13 is divided by d(o)?
6
Let g(p) = 49*p**2 - p - 2. What is the remainder when g(-1) is divided by 25?
23
Suppose 5*l = -l. Suppose 2*h - 63 + 13 = l. Calculate the remainder when 97 is divided by h.
22
Let v(z) = 8*z**2 + 3 + 6 + z**3 - 1 + 10*z. Suppose 0 = 2*j + w + 16, -5*j - 14 = 2*w - 6*w. What is the remainder when v(j) is divided by 11?
9
Let r = 16 - -6. Let g(j) = -j + 6. What is the remainder when r is divided by g(0)?
4
Let m be 6/(-30) - (-32)/10. S